{"id":23,"date":"2015-02-23T09:23:27","date_gmt":"2015-02-23T08:23:27","guid":{"rendered":"http:\/\/feuerwehr-delkenheim.de\/?page_id=23"},"modified":"2026-01-23T22:17:43","modified_gmt":"2026-01-23T20:17:43","slug":"jugendfeuerwehr","status":"publish","type":"page","link":"https:\/\/feuerwehr-delkenheim.de\/?page_id=23","title":{"rendered":"Jugendfeuerwehr"},"content":{"rendered":"<p>Viele Leute verbinden mit der Feuerwehr gro\u00dfe rote Autos, Feuer, Schl\u00e4uche, Wasser und L\u00f6schen, doch die Feuerwehr und besonders die Jugendfeuerwehr ist mehr als nur das! Gerade in der heutigen Zeit, in der Jugendlichen jede Menge Freizeitaktivit\u00e4ten geboten werden, ist es schwer, sich f\u00fcr etwas zu entscheiden, sei es der Fu\u00dfballverein, der Judoclub oder die Feuerwehr. Hier mal eine \u00dcbersicht \u00fcber die T\u00e4tigkeiten der Jugendfeuerwehr, damit ihr einen Eindruck habt, was die Jugendfeuerwehr alles macht. In den <a href=\"\/?cat=4\">News<\/a> findet ihr Berichte, was die Jugendfeuerwehr j\u00fcngst alles besonderes erlebt hat.<\/p>\n<h2>Theoretischer Unterricht<\/h2>\n<p>In der kalten Jahreszeit finden jeden Freitag von 18:00 bis 20:00 Uhr &#8222;Unterrichte&#8220; f\u00fcr uns statt. Diese werden von den Jugendwarten, Betreuern und Kameraden aus den Reihen der aktiven Feuerwehr in unserem Unterrichtsraum gehalten. Die Inhalte unserer Unterrichte sind so gestaltet, dass wir Jugendfeuerwehrleute auf die sp\u00e4teren Aufgaben unseres Feuerwehrlebens m\u00f6glichst gut vorbereitet sind.<\/p>\n<p>Noch mehr Schule als ich eh schon machen muss? Nein! Diese Unterrichte sind meistens in Spiele oder Gruppenaufgaben verpackt, so dass wir passiv nebenbei lernen und dabei auch noch viel Spa\u00df haben. Themen sind zum Beispiel:<\/p>\n<table width=\"100%\">\n<tbody>\n<tr>\n<td style=\"vertical-align: top;\" colspan=\"1\" rowspan=\"1\">\n<ul>\n<li>Feuerwehr Dienstvorschriften<\/li>\n<li>Brennen und L\u00f6schen<\/li>\n<li>Schlauchkunde<\/li>\n<li>Wasserf\u00fchrende Armaturen<\/li>\n<li>Fahrzeugkunde<\/li>\n<li>Erste Hilfe<\/li>\n<li>Technische Hilfeleistung<\/li>\n<li>und noch vieles mehr&#8230;<\/li>\n<\/ul>\n<\/td>\n<td style=\"vertical-align: top;\" colspan=\"1\" rowspan=\"1\"><img loading=\"lazy\" decoding=\"async\" class=\"alignright size-full wp-image-115\" src=\"\/wp-content\/uploads\/2015\/02\/jftheorie.jpg\" alt=\"jftheorie\" width=\"250\" height=\"188\" \/><\/td>\n<\/tr>\n<\/tbody>\n<\/table>\n<h2>Praktischer Unterricht<\/h2>\n<p>Alles was wir im theoretischen Unterricht gelernt haben, versuchen wir dann im Fr\u00fchling und Sommer in die Praxis umzusetzen. Hierf\u00fcr werden durch unsere Betreuer zum Teil sehr realit\u00e4tsnahe Einsatzszenarien vorbereitet, welche durch die Jugendlichen wie in Echt abgearbeitet werden k\u00f6nnen. Der praktische Unterricht beinhaltet sehr viele interessante Bereiche, bei denen dann auch alle verf\u00fcgbaren Ger\u00e4te von den echten Einsatzfahrzeugen eingesetzt werden m\u00fcssen. Hier ein paar Beispiele:<\/p>\n<table width=\"100%\">\n<tbody>\n<tr>\n<td style=\"vertical-align: top;\" colspan=\"1\" rowspan=\"1\"><img loading=\"lazy\" decoding=\"async\" src=\"\/wp-content\/uploads\/2015\/02\/jfuebung.jpg\" alt=\"jfuebung\" width=\"250\" height=\"200\" \/><\/td>\n<td style=\"vertical-align: top;\" colspan=\"1\" rowspan=\"1\">\n<ul>\n<li>Saugleitungen aus offenen Gew\u00e4ssern aufbauen<\/li>\n<li>Fahrzeug und Ger\u00e4tekunde<\/li>\n<li>Feuerwehreinsatz\u00fcbungen<\/li>\n<li>Knoten, Stiche und Bunde<\/li>\n<li>Erste Hilfe<\/li>\n<li>Technische Hilfeleistung<\/li>\n<\/ul>\n<\/td>\n<\/tr>\n<\/tbody>\n<\/table>\n<h2>Spiel &amp; Spa\u00df<\/h2>\n<table width=\"100%\">\n<tbody>\n<tr>\n<td style=\"vertical-align: top;\" colspan=\"1\" rowspan=\"1\">Bei all diesen feuerwehrtechnischen Unterrichten, darf ja auf keinen Fall Spiel &amp; Spa\u00df fehlen. So kommt es, dass wir im Winter mal Bowling spielen gehen, Kart fahren, oder sonstige Freizeitaktivit\u00e4ten gemeinsam erleben. Im Sommer gehen wir mal in den Kletterwald. Wenn es drau\u00dfen so richtig hei\u00df ist, machen wir Nass\u00fcbungen und k\u00fchlen uns mal so richtig ab, da bleibt niemand trocken, auch die Betreuer nicht. Das Allergr\u00f6\u00dfte sind die j\u00e4hrlich stattfindenden Spiele, \u00dcbungen, Wettbewerbe und Turniere bei anderen Jugendfeuerwehren. Darunter z\u00e4hlen z.B. die j\u00e4hrliche Tannenbaumsammlung, die Jugendflamme und das Fu\u00dfballturnier in Wiesbaden &#8211; Nordenstadt. Hierbei zeigt sich immer wieder, dass nicht das Gewinnen, sondern der Zusammenhalt innerhalb unserer &#8222;Truppe&#8220; im Vordergrund steht!<\/td>\n<td style=\"vertical-align: top;\" colspan=\"1\" rowspan=\"1\"><img loading=\"lazy\" decoding=\"async\" class=\"alignright size-full wp-image-114\" src=\"\/wp-content\/uploads\/2015\/02\/jfspiel.jpg\" alt=\"jfspiel\" width=\"250\" height=\"188\" \/><\/td>\n<\/tr>\n<\/tbody>\n<\/table>\n<h2>Fahrten \/ Ausfl\u00fcge<\/h2>\n<p>Die Jugendfeuerwehr Delkenheim ist auch viel unterwegs. Wir Grillen und machen Fahrradtouren. Aber das absolute Jahreshighlight ist das Zeltlager, welches immer in der ersten Sommerferienwoche stattfindet. Hier lernt man nicht nur andere Jugendfeuewehrleute, sondern auch Freunde kennen, welche man auf vielen Veranstaltungen in der Jugend, als auch im aktiven Einsatzdienst nach der Zeit in der Jugend wieder trifft.\u00a0<\/p>\n<h2>Ziel: Feuerwehrfrau \/-mann<\/h2>\n<p>Ein Eintritt in die Jugendfeuerwehr ist im Alter von 10 Jahren m\u00f6glich. Ab der Vollendung des 17. Lebensjahr ist ein Wechsel in die Einsatzabteilung und das Teilnehmen am Grundausbildungslehrgang m\u00f6glich. Ist dieser erfolgreich absolviert bist du bereit deine ersten Eins\u00e4tze zu bestreiten!<\/p>\n<h2>Lust bekommen?<\/h2>\n<p>Wenn du jetzt denkst super Sache! Du bist schon 10 Jahre alt, egal ob Junge oder M\u00e4dchen, und hast Lust, dir das alles mal anzuschauen, komm doch einfach mal vorbei und schau dir die Sache an. Wir treffen uns <strong>jeden Freitag<\/strong> <strong>von 18:00 bis 20:00 am Feuerwehrger\u00e4tehaus<\/strong> in Delkenheim.<\/p>\n<p>Schau dazu aber auch mal in unseren <a href=\"https:\/\/feuerwehr-delkenheim.de\/wp-content\/uploads\/2026\/01\/Diensplan_JF_2026.pdf\" target=\"_blank\" rel=\"noopener\">Dienstplan 2026<\/a>, was wir an dem Tag eigentlich vor haben.<\/p>\n<h2>Historisches<\/h2>\n<p>Was in all den Jahren seit Bestehen der Jugendfeuerwehr bei uns passierte, verr\u00e4t ein Blick in die <a href=\"\/?page_id=31\">Chronik der Jugendfeuerwehr<\/a>.<\/p>\n\n\n<h2 class=\"wp-block-heading\">Unsere JF-Ausbilder<\/h2>\n\n\n\n<figure class=\"wp-block-table\"><table><tbody><tr><td><strong>Patrick Krause<\/strong><\/td><td>Jugendfeuerwehrwart<\/td><\/tr><tr><td><strong>Michael Walther<\/strong><\/td><td>stellv. Jugendfeuerwehrwart<\/td><\/tr><tr><td><strong>Niklas Brauer<\/strong><\/td><td>Betreuer<\/td><\/tr><tr><td><strong>Marlon Balzer<\/strong><\/td><td>Betreuer<\/td><\/tr><tr><td><strong>Tobias Reu\u00df<\/strong><\/td><td>Betreuer <\/td><\/tr><tr><td><strong>Manuel Ohler<\/strong><\/td><td>Betreuer<\/td><\/tr><\/tbody><\/table><figcaption class=\"wp-element-caption\">Das Betreuerteam ist unter der Sammel-E-Mail: jungend@feuerwehr-delkenheim.de zu erreichen.<\/figcaption><\/figure>\n","protected":false},"excerpt":{"rendered":"<p>Viele Leute verbinden mit der Feuerwehr gro\u00dfe rote Autos, Feuer, Schl\u00e4uche, Wasser und L\u00f6schen, doch die Feuerwehr und besonders die Jugendfeuerwehr ist mehr als nur das! Gerade in der heutigen Zeit, in der Jugendlichen jede Menge Freizeitaktivit\u00e4ten geboten werden, ist &hellip; <a href=\"https:\/\/feuerwehr-delkenheim.de\/?page_id=23\">Weiterlesen <span class=\"meta-nav\">&rarr;<\/span><\/a><\/p>\n","protected":false},"author":1,"featured_media":0,"parent":0,"menu_order":2,"comment_status":"closed","ping_status":"closed","template":"","meta":{"jetpack_post_was_ever_published":false,"footnotes":""},"class_list":["post-23","page","type-page","status-publish","hentry"],"jetpack_sharing_enabled":true,"_links":{"self":[{"href":"https:\/\/feuerwehr-delkenheim.de\/index.php?rest_route=\/wp\/v2\/pages\/23","targetHints":{"allow":["GET"]}}],"collection":[{"href":"https:\/\/feuerwehr-delkenheim.de\/index.php?rest_route=\/wp\/v2\/pages"}],"about":[{"href":"https:\/\/feuerwehr-delkenheim.de\/index.php?rest_route=\/wp\/v2\/types\/page"}],"author":[{"embeddable":true,"href":"https:\/\/feuerwehr-delkenheim.de\/index.php?rest_route=\/wp\/v2\/users\/1"}],"replies":[{"embeddable":true,"href":"https:\/\/feuerwehr-delkenheim.de\/index.php?rest_route=%2Fwp%2Fv2%2Fcomments&post=23"}],"version-history":[{"count":30,"href":"https:\/\/feuerwehr-delkenheim.de\/index.php?rest_route=\/wp\/v2\/pages\/23\/revisions"}],"predecessor-version":[{"id":2192,"href":"https:\/\/feuerwehr-delkenheim.de\/index.php?rest_route=\/wp\/v2\/pages\/23\/revisions\/2192"}],"wp:attachment":[{"href":"https:\/\/feuerwehr-delkenheim.de\/index.php?rest_route=%2Fwp%2Fv2%2Fmedia&parent=23"}],"curies":[{"name":"wp","href":"https:\/\/api.w.org\/{rel}","templated":true}]}}