{"id":43,"date":"2015-02-23T11:09:26","date_gmt":"2015-02-23T09:09:26","guid":{"rendered":"http:\/\/feuerwehr-delkenheim.de\/?page_id=43"},"modified":"2026-01-02T22:44:24","modified_gmt":"2026-01-02T20:44:24","slug":"fahrzeuge","status":"publish","type":"page","link":"https:\/\/feuerwehr-delkenheim.de\/?page_id=43","title":{"rendered":"Fahrzeuge"},"content":{"rendered":"\n<p>In Delkenheim stehen zwei Einsatzfahrzeuge und ein Anh\u00e4nger zur Verf\u00fcgung.<\/p>\n\n\n\n<h2 class=\"wp-block-heading\">LF 8\/6<\/h2>\n\n\n<div class=\"wp-block-image\">\n<figure class=\"alignright\"><a href=\"https:\/\/feuerwehr-delkenheim.de\/wp-content\/uploads\/2015\/02\/33426.jpg\"><img loading=\"lazy\" decoding=\"async\" width=\"400\" height=\"300\" src=\"https:\/\/feuerwehr-delkenheim.de\/wp-content\/uploads\/2015\/02\/33426.jpg\" alt=\"33426\" class=\"wp-image-110\" srcset=\"https:\/\/feuerwehr-delkenheim.de\/wp-content\/uploads\/2015\/02\/33426.jpg 400w, https:\/\/feuerwehr-delkenheim.de\/wp-content\/uploads\/2015\/02\/33426-300x225.jpg 300w\" sizes=\"auto, (max-width: 400px) 100vw, 400px\" \/><\/a><\/figure>\n<\/div>\n\n\n<p>Das L\u00f6schgruppenfahrzeug 8\/6 mit Baujahr 2004 steht auch seit jenem Jahr bei uns im Ger\u00e4tehaus und ersetzte das alte TLF 16\/25. Mittlerweile ist es das einzige Fahrzeug mit feuerwehrtechnischer Ausstattung am Standort. Es hat platz f\u00fcr die Feuerwehr-Standard-Einheit einer Gruppe (9 Personen) und ist neben der Normbeladung zus\u00e4tzlich ausgestattet zum Bearbeiten von Unwettereins\u00e4tzen, sowie ger\u00fcstet zum Einsatz auf Autobahnen. Aufgrund der typischen Delkenheimer Bebauung ist neben der 4-teiligen Steckleiter auch eine 3-teilige Schiebleiter verladen. Wie der Name des Fahrzeugs es ja bereits vorgibt, ist eine Feuerl\u00f6schkreiselpumpe mit 800l Wasserf\u00f6rderung bei 8 Bar und ein 600 Liter Wassertank eingebaut. Eine Schnellangriffseinrichtung mit Druckschlauch-S erm\u00f6glicht das schnelle und unkomplizierte Bearbeiten von Kleinbr\u00e4nden. Mit diesem ist es uns auch durch die Nachr\u00fcstung einer Schaumpistole m\u00f6glich unkompliziert und schnell L\u00f6schschaum vorzunehmen. Desweiteres haben wir zus\u00e4tzlich einen T\u00fcr\u00f6ffnungssatz auf dem Fahrzeug verladen.<\/p>\n\n\n\n<h2 class=\"wp-block-heading\">MTW<\/h2>\n\n\n<div class=\"wp-block-image\">\n<figure class=\"alignright size-medium\"><a href=\"https:\/\/feuerwehr-delkenheim.de\/wp-content\/uploads\/2026\/01\/MTF2025.jpg\"><img loading=\"lazy\" decoding=\"async\" width=\"300\" height=\"225\" src=\"https:\/\/feuerwehr-delkenheim.de\/wp-content\/uploads\/2026\/01\/MTF2025-300x225.jpg\" alt=\"\" class=\"wp-image-2184\" srcset=\"https:\/\/feuerwehr-delkenheim.de\/wp-content\/uploads\/2026\/01\/MTF2025-300x225.jpg 300w, https:\/\/feuerwehr-delkenheim.de\/wp-content\/uploads\/2026\/01\/MTF2025-1024x768.jpg 1024w, https:\/\/feuerwehr-delkenheim.de\/wp-content\/uploads\/2026\/01\/MTF2025-768x576.jpg 768w, https:\/\/feuerwehr-delkenheim.de\/wp-content\/uploads\/2026\/01\/MTF2025-400x300.jpg 400w, https:\/\/feuerwehr-delkenheim.de\/wp-content\/uploads\/2026\/01\/MTF2025.jpg 1280w\" sizes=\"auto, (max-width: 300px) 100vw, 300px\" \/><\/a><\/figure>\n<\/div>\n\n\n<p>Der Mannschaftstransportwagen f\u00fcr 8 Personen steht uns bei diesem Modell seit 2024 zur Verf\u00fcgung. Mit dem MTW wird die Mannschaft, welche im LF 8\/6 kein Platz mehr findet, zur Einsatzstelle gefahren, es unterst\u00fctzt bei der Ausbildung der Jugendfeuerwehr und wird nat\u00fcrlich bei dieser auch f\u00fcr Ausfl\u00fcge und Zeltlagerfahrten genutzt. Ansonsten dient es auch der Logistik innerhalb der Stadt, um Mannschaft und\/oder Ger\u00e4t zwischen Delkenheim und den Feuerwachen der Berufsfeuerwehr zu Wartungs- und Ausbildungszwecken zu transportieren. Da es bei Unwetterlagen keinen Sinn macht, mit zahlreichen Kr\u00e4ften z.B. einen einzigen Wasserschaden zu beseitigen, kann der MTW in Kombination mit dem Anh\u00e4nger auch eine autarke Einheit mit Ger\u00e4t werden.<\/p>\n\n\n\n<h2 class=\"wp-block-heading\">Anh\u00e4nger<\/h2>\n\n\n<div class=\"wp-block-image\">\n<figure class=\"alignright size-medium\"><a href=\"https:\/\/feuerwehr-delkenheim.de\/wp-content\/uploads\/2021\/12\/Anhaenger.jpg\"><img loading=\"lazy\" decoding=\"async\" width=\"300\" height=\"225\" src=\"https:\/\/feuerwehr-delkenheim.de\/wp-content\/uploads\/2021\/12\/Anhaenger-300x225.jpg\" alt=\"\" class=\"wp-image-1635\" srcset=\"https:\/\/feuerwehr-delkenheim.de\/wp-content\/uploads\/2021\/12\/Anhaenger-300x225.jpg 300w, https:\/\/feuerwehr-delkenheim.de\/wp-content\/uploads\/2021\/12\/Anhaenger-1024x768.jpg 1024w, https:\/\/feuerwehr-delkenheim.de\/wp-content\/uploads\/2021\/12\/Anhaenger-768x576.jpg 768w, https:\/\/feuerwehr-delkenheim.de\/wp-content\/uploads\/2021\/12\/Anhaenger-400x300.jpg 400w, https:\/\/feuerwehr-delkenheim.de\/wp-content\/uploads\/2021\/12\/Anhaenger.jpg 1280w\" sizes=\"auto, (max-width: 300px) 100vw, 300px\" \/><\/a><\/figure>\n<\/div>\n\n\n<p>Ein einachsiger Anh\u00e4nger mit Federung und Auflaufbremse, 100km\/h Zulassung und 1,60m Planenaufbau erm\u00f6glicht es uns, mobile Ger\u00e4tschaften durch Rollrampen flexibel zu verladen, so dass wir einerseits erweiterte logistische T\u00e4tigkeiten durchf\u00fchren k\u00f6nnen, sowie den sonst ger\u00e4tefreien Mannschaftstransportwagen in eine autark arbeitsf\u00e4hige Unwettereinheit zu verwandeln. Nat\u00fcrlich kommt der Anh\u00e4nger auch bei Vereinsaktivit\u00e4ten gerne zum Einsatz.<\/p>\n","protected":false},"excerpt":{"rendered":"<p>In Delkenheim stehen zwei Einsatzfahrzeuge und ein Anh\u00e4nger zur Verf\u00fcgung. LF 8\/6 Das L\u00f6schgruppenfahrzeug 8\/6 mit Baujahr 2004 steht auch seit jenem Jahr bei uns im Ger\u00e4tehaus und ersetzte das alte TLF 16\/25. Mittlerweile ist es das einzige Fahrzeug mit &hellip; <a href=\"https:\/\/feuerwehr-delkenheim.de\/?page_id=43\">Weiterlesen <span class=\"meta-nav\">&rarr;<\/span><\/a><\/p>\n","protected":false},"author":1,"featured_media":0,"parent":0,"menu_order":3,"comment_status":"closed","ping_status":"closed","template":"","meta":{"footnotes":""},"class_list":["post-43","page","type-page","status-publish","hentry"],"jetpack_sharing_enabled":true,"_links":{"self":[{"href":"https:\/\/feuerwehr-delkenheim.de\/index.php?rest_route=\/wp\/v2\/pages\/43","targetHints":{"allow":["GET"]}}],"collection":[{"href":"https:\/\/feuerwehr-delkenheim.de\/index.php?rest_route=\/wp\/v2\/pages"}],"about":[{"href":"https:\/\/feuerwehr-delkenheim.de\/index.php?rest_route=\/wp\/v2\/types\/page"}],"author":[{"embeddable":true,"href":"https:\/\/feuerwehr-delkenheim.de\/index.php?rest_route=\/wp\/v2\/users\/1"}],"replies":[{"embeddable":true,"href":"https:\/\/feuerwehr-delkenheim.de\/index.php?rest_route=%2Fwp%2Fv2%2Fcomments&post=43"}],"version-history":[{"count":10,"href":"https:\/\/feuerwehr-delkenheim.de\/index.php?rest_route=\/wp\/v2\/pages\/43\/revisions"}],"predecessor-version":[{"id":2186,"href":"https:\/\/feuerwehr-delkenheim.de\/index.php?rest_route=\/wp\/v2\/pages\/43\/revisions\/2186"}],"wp:attachment":[{"href":"https:\/\/feuerwehr-delkenheim.de\/index.php?rest_route=%2Fwp%2Fv2%2Fmedia&parent=43"}],"curies":[{"name":"wp","href":"https:\/\/api.w.org\/{rel}","templated":true}]}}